*w - 14. Let d be y(-10). What are the prime factors of 196 + d + (2 - 3)?
3, 67
Let b be -1 + (6 - 2) + (1 - -410). Suppose 3*w = -j + 31 + 584, -2*w = 2*j - b. What are the prime factors of w?
2, 3, 17
List the prime factors of 1/1*46492346/538.
103, 839
Let q(y) be the third derivative of 0*y + 20*y**2 - 19/12*y**4 + y**3 + 0. What are the prime factors of q(-6)?
2, 3, 13
Let g be (1 - (136 + 0)) + -1. Let l = 6453 - 6662. Let o = g - l. What are the prime factors of o?
73
Let f(c) = 585*c**3 - 10*c**2 + 15*c - 2. List the prime factors of f(2).
2, 3, 389
Suppose -h = 2*h + 5*q - 2016, 0 = 2*h - 3*q - 1363. Suppose 4*u = -h - 427. List the prime factors of (-4)/(16/u) + 2.
71
Let d = -367 - -391. List the prime factors of ((-2)/4)/(d/(-48624)).
1013
Let t(a) be the first derivative of 8*a**3/3 + 2*a**2 - 6*a + 2. Let y(b) = 2*b**2 - 35*b - 203. Let d be y(22). List the prime factors of t(d).
2, 3, 29
Suppose -3*t = -5*d + 8, -t + 5*t = 2*d + 8. List the prime factors of (44/(-2))/(t/(-56)).
2, 7, 11
Suppose 3*g + a + 5 = 23, 20 = g + 5*a. Suppose 0 = 4*v + c - 1203, -g*v + 2*c + 1535 = -3*c. List the prime factors of v.
2, 151
Let s(c) = 206*c + 14 + 3 - 63*c + 28*c. What are the prime factors of s(1)?
2, 47
Let k(o) = 9*o**3 - 8*o**2 - 30*o + 94. List the prime factors of k(9).
5737
List the prime factors of ((-3)/(18/150690))/((2 + -4)/2).
5, 5023
Let t(g) = 26*g**2 + 15*g - 138. List the prime factors of t(8).
2, 823
Let p(d) = d**3 - 9*d**2 - 14*d + 1. Let j(k) = k**2 - 3*k + 5. Let x be j(3). Suppose 40 = x*a + 3*l + 2*l, -l = 3. List the prime factors of p(a).
89
Let t(j) = -j**2 - 10*j + 14. Let c be t(-11). Suppose -c = 3*b - 2*b. List the prime factors of (-2*(-3)/(-6))/(b/339).
113
Let h = 1548 - 567. Let r = -230 + h. What are the prime factors of r?
751
Let a(p) be the third derivative of 0*p + 107/60*p**5 - 7*p**2 + 0 - 1/8*p**4 + 1/3*p**3. List the prime factors of a(1).
2, 53
Suppose -1058 = 26*f + 20*f. Let h(s) = -s**3 - 25*s**2 - 55*s - 11. List the prime factors of h(f).
2, 7
Suppose 5*a = 30 + 15. Let c(i) = -i + 9. Let v be c(a). Suppose 0*d - 5*d = 3*p - 238, 4*p + 2*d - 336 = v. List the prime factors of p.
2, 43
Let i = 3171 + 18193. What are the prime factors of i?
2, 7, 109
Suppose 45500 = 5*z - 10*z. List the prime factors of ((z/15)/(-7))/((-12)/(-126)).
2, 5, 7, 13
Let b(x) = 4*x**2 - x - 57. Let t = -194 - -209. What are the prime factors of b(t)?
2, 3, 23
Let y(j) = -2*j**2 - 15*j - 19. Let i(p) = -p**2 - 7*p - 9. Let r(v) = -9*i(v) + 4*y(v). Let x = 325 - 333. What are the prime factors of r(x)?
3, 5
Suppose 31*r + 15*r - 385664 = 0. What are the prime factors of r?
2, 131
Let p(q) = -384*q**3 + 2*q**2 - 2*q. List the prime factors of p(-3).
2, 3, 433
Let h(t) = -t - 23. Let w be h(-13). Let u(i) = i**3 + 10*i**2 - 4*i - 18. What are the prime factors of u(w)?
2, 11
Suppose 3*l = 4*m - 16907, 0 = -8*m - 4*m - 4*l + 50656. List the prime factors of m.
41, 103
Suppose 87741 = 2*v + g, -632*v + 4*g - 175488 = -636*v. What are the prime factors of v?
3, 7, 2089
Suppose 2 = -3*l - 16. Suppose 238 = -4*g + 5*b, -3*g + 5*b - 2 - 179 = 0. What are the prime factors of g*(l - -3)/9?
19
Let a(n) = 3*n**2 + 2*n + 290. What are the prime factors of a(-14)?
2, 5, 17
Suppose 0 = 5*n + 5*j + 10, 4*j + 12 = -5*n + 3*n. Suppose -n*x = 3*o - 583, 4*x + 961 = 4*o + 157. What are the prime factors of o?
197
Suppose 0 = 74*g - 108146 - 1007848. List the prime factors of g.
3, 11, 457
Let f be ((-34)/6)/(14/(-210)). Let k = f - 84. What are the prime factors of k*1/(-1) - -185?
2, 23
Suppose 6*w - 11*w + 205 = 5*s, -s + 41 = 5*w. List the prime factors of 220/80*(-1 + s).
2, 5, 11
Suppose 376 = 12*q - 8*q. Let m = q + -89. Suppose -7*n - m*n = -2604. List the prime factors of n.
7, 31
Let d(y) = y**3 - 10*y**2 + 9*y + 9. Let h be ((-14)/(-8))/((-1)/(-4)). Let z be d(h). Let x = -42 - z. What are the prime factors of x?
3, 11
Let s = -42 + 36. Let w = 6 + s. Suppose -d + 5*j + 37 = w, 214 = 4*d + 3*j + 43. List the prime factors of d.
2, 3, 7
List the prime factors of 10884/12 - 0/(-10 + 5).
907
What are the prime factors of ((-42)/(-70))/(4/860)?
3, 43
Suppose 52*c - 47*c + 86780 = 3*y, 5*c + 35 = 0. What are the prime factors of y?
5, 5783
Let o(l) = -2*l**3 - 19*l**2 - 61*l - 17. Suppose 2*h + a + 17 = 0, -7*h = -2*h + 5*a + 40. What are the prime factors of o(h)?
11, 41
What are the prime factors of (-275926)/10*50/(-175) - (-6)/15?
2, 3, 73
Suppose -3*x + 94 = 49. List the prime factors of 6756/9 + x/45.
751
Let y be (-143)/(-11)*(997 + 3 + 3). Suppose 14*g - g - y = 0. List the prime factors of g.
17, 59
Let v be 2*((-34)/(-4) - 6). Let j(o) = 323*o + 36. List the prime factors of j(v).
13, 127
Let w = -5561 - -17291. What are the prime factors of w?
2, 3, 5, 17, 23
Suppose -6*d - 106 = -112. Let k(x) be the third derivative of 7*x**5/20 + x**4/24 - x**3/6 + 11*x**2. List the prime factors of k(d).
3, 7
Let s(x) = -284 + 21*x + 272 - 790*x. List the prime factors of s(-2).
2, 7, 109
Let y(w) = -w**3 + 43*w**2 + 33*w + 327. List the prime factors of y(39).
2, 3, 1283
Suppose 28*p = 7*p + 38073. Suppose -5*a - 2226 = -3*g + p, 4*g - 5362 = -5*a. What are the prime factors of g?
17, 79
Let s = 7445 - 4878. List the prime factors of s.
17, 151
Let t = 203 - 205. What are the prime factors of (42/(-35) + t)*-140?
2, 7
Let k = -97 - -102. Suppose 0 = -k*b + w + 3247, w + 360 - 1663 = -2*b. Suppose -4*j = 5*c - 1074, -3*c + 0*c - j = -b. What are the prime factors of c?
2, 109
Suppose 5*z - 2*m = 19252, 0 = -41*z + 39*z + 2*m + 7708. List the prime factors of z.
2, 13, 37
Let d be 51/6 + 1 + (-6)/(-12). Suppose -2 = -2*i, -i + d = -3*p - 15. List the prime factors of (-6)/p + 225/20.
2, 3
What are the prime factors of (3/5)/(6 + 3051135/(-508525))?
20341
List the prime factors of (10 - 15 - -34)/((-2)/(-2282)).
7, 29, 163
Suppose w - 5*a - 28 = 0, -5*w - 5*a = -3*w - 131. Let v = 140 - w. Let h = 9 + v. List the prime factors of h.
2, 3
Suppose 2*l - i - 8078 = 0, i = -2*l + 7*l - 20189. List the prime factors of l.
11, 367
Let x(t) = -t**2 - 17 + 31 - 57 - 35*t - 23. List the prime factors of x(-28).
2, 5, 13
Suppose -c = c + 3*v - 19, v = c + 3. Suppose -c = s - 0, -3*j + 377 = -s. Suppose -10*f + 1475 = j. What are the prime factors of f?
3, 5
Suppose 15*h + 20 = 10*h, a - 5*h = 29857. List the prime factors of a.
29837
Let p(t) be the third derivative of -11/3*t**3 - 7/8*t**4 + 0 + 5*t**2 + 2*t. List the prime factors of p(-15).
293
Let k(u) = -116 + 5*u - 121 + 263. Suppose -o + 2 + 2 = 0. List the prime factors of k(o).
2, 23
Suppose 0 = 22*i - 289096 - 137924. What are the prime factors of i?
2, 3, 5, 647
Let u(s) = -71*s**3 + 6*s**2 + 18*s + 38. List the prime factors of u(-5).
3, 997
Let w(t) = -t**3 - 25*t**2 - 27*t - 64. Let l(x) = x**2 + x - 2. Let b(c) = 4*l(c) - w(c). List the prime factors of b(-27).
677
Let v = -55906 + 93933. What are the prime factors of v?
11, 3457
Let b be (4/(16/12))/((-15)/(-10)). Suppose 5*z - b*z - 54 = 4*c, -4*c - 76 = -4*z. Let v = z + 37. What are the prime factors of v?
59
Let h(a) = -24*a + 44. Let b be h(21). Let l = b - -1449. What are the prime factors of l?
23, 43
Suppose -5*f - 10 = 15, 3*f = -3*t. Suppose -t*x - 30 = x. What are the prime factors of 7/((-21)/12)*x?
2, 5
Let k(q) = -q**3 + 9*q**2 - 5*q + 8. Let x = -31 + 29. Let o be -2 + 3 - x - -5. What are the prime factors of k(o)?
2
Let g(l) = 3*l**2 + l - 8. Let q be g(3). Let p = q - 22. Suppose s + 5*v = -4*s + 100, -3*s + 3*v + 42 = p. What are the prime factors of s?
17
Suppose 0 = -4*y - 5*l + 21611, 3*y + 0*l + 4*l = 16209. Suppose 8325 + y = 47*r. List the prime factors of r.
2, 73
Let v(s) = 12*s**2 + 3*s + 16. Let q be v(-3). Suppose 0 = 6*b - 2033 - q. Suppose -2*l + b = -3*c, 0 = 5*c + 10. What are the prime factors of l?
2, 11
Suppose -39*x - 35*x = 51*x - 6988000. What are the prime factors of x?
2, 1747
Suppose -11*r = -6*r - 10. Suppose 39 + 439 = r*n. What are the prime factors of n?
239
Let k = 23 + -27. Let l(s) = -58*s - 4. What are the prime factors of l(k)?
2, 3, 19
Suppose -13947 - 1677 = -28*q. Let z = -384 + q. What are the prime factors of z?
2, 3, 29
Let o(t) = t**2 + 13*t + 23. Let i be o(-12). 